{"id":2533,"date":"2026-04-01T06:47:54","date_gmt":"2026-04-01T11:47:54","guid":{"rendered":"https:\/\/accionclimatica-alc.org\/omc\/?page_id=2533"},"modified":"2026-04-01T07:00:54","modified_gmt":"2026-04-01T12:00:54","slug":"terminos-y-condiciones","status":"publish","type":"page","link":"https:\/\/accionclimatica-alc.org\/omc\/terminos-y-condiciones\/","title":{"rendered":"T\u00e9rminos y condiciones"},"content":{"rendered":"\n<div class=\"wp-block-group is-layout-constrained wp-block-group-is-layout-constrained\">\n<p><strong>Condiciones de Uso<\/strong> El acceso a la plataforma de <strong>Acci\u00f3n Clim\u00e1tica ALC<\/strong> es gratuito y est\u00e1 destinado a fortalecer las capacidades t\u00e9cnicas en la regi\u00f3n.<\/p>\n\n\n\n<p><strong>Registro y Veracidad<\/strong> Al registrarse, el usuario se compromete a proporcionar datos reales (nombre, organizaci\u00f3n, pa\u00eds). El uso de identidades falsas podr\u00e1 resultar en la suspensi\u00f3n de la cuenta.<\/p>\n\n\n\n<p><strong>Uso del Contenido<\/strong> Los materiales del curso (videos, textos, presentaciones) son para uso educativo. Queda prohibida su comercializaci\u00f3n. Se permite la descarga de recursos siempre que se cite la fuente original de <strong>Acci\u00f3n Clim\u00e1tica ALC<\/strong>.<\/p>\n\n\n\n<p><strong>Responsabilidad<\/strong> No nos hacemos responsables por el mal uso de la informaci\u00f3n t\u00e9cnica proporcionada o por interrupciones temporales del servicio debido a mantenimientos del servidor.<\/p>\n<\/div>\n","protected":false},"excerpt":{"rendered":"<p>Condiciones de Uso El acceso a la plataforma de Acci\u00f3n Clim\u00e1tica ALC es gratuito y est\u00e1 destinado a fortalecer las capacidades t\u00e9cnicas en la regi\u00f3n. Registro y Veracidad Al registrarse, el usuario se compromete a proporcionar datos reales (nombre, organizaci\u00f3n, pa\u00eds). El uso de identidades falsas podr\u00e1 resultar en la suspensi\u00f3n de la cuenta. Uso [&hellip;]<\/p>\n","protected":false},"author":1,"featured_media":0,"parent":0,"menu_order":0,"comment_status":"closed","ping_status":"closed","template":"","meta":{"_acf_changed":false,"footnotes":"","css_class_manager_body_classes":"","css_class_manager_use_in_post_loop":false},"class_list":["post-2533","page","type-page","status-publish","hentry"],"acf":[],"yoast_head":"<!-- This site is optimized with the Yoast SEO plugin v27.3 - https:\/\/yoast.com\/product\/yoast-seo-wordpress\/ -->\n<title>T\u00e9rminos y condiciones - De Cero a Experto<\/title>\n<meta name=\"robots\" content=\"index, follow, max-snippet:-1, max-image-preview:large, max-video-preview:-1\" \/>\n<link rel=\"canonical\" href=\"https:\/\/accionclimatica-alc.org\/omc\/terminos-y-condiciones\/\" \/>\n<meta property=\"og:locale\" content=\"es_ES\" \/>\n<meta property=\"og:type\" content=\"article\" \/>\n<meta property=\"og:title\" content=\"T\u00e9rminos y condiciones - De Cero a Experto\" \/>\n<meta property=\"og:description\" content=\"Condiciones de Uso El acceso a la plataforma de Acci\u00f3n Clim\u00e1tica ALC es gratuito y est\u00e1 destinado a fortalecer las capacidades t\u00e9cnicas en la regi\u00f3n. Registro y Veracidad Al registrarse, el usuario se compromete a proporcionar datos reales (nombre, organizaci\u00f3n, pa\u00eds). El uso de identidades falsas podr\u00e1 resultar en la suspensi\u00f3n de la cuenta. Uso [&hellip;]\" \/>\n<meta property=\"og:url\" content=\"https:\/\/accionclimatica-alc.org\/omc\/terminos-y-condiciones\/\" \/>\n<meta property=\"og:site_name\" content=\"De Cero a Experto\" \/>\n<meta property=\"article:modified_time\" content=\"2026-04-01T12:00:54+00:00\" \/>\n<meta name=\"twitter:card\" content=\"summary_large_image\" \/>\n<meta name=\"twitter:label1\" content=\"Tiempo de lectura\" \/>\n\t<meta name=\"twitter:data1\" content=\"1 minuto\" \/>\n<script type=\"application\/ld+json\" class=\"yoast-schema-graph\">{\"@context\":\"https:\\\/\\\/schema.org\",\"@graph\":[{\"@type\":\"WebPage\",\"@id\":\"https:\\\/\\\/accionclimatica-alc.org\\\/omc\\\/terminos-y-condiciones\\\/\",\"url\":\"https:\\\/\\\/accionclimatica-alc.org\\\/omc\\\/terminos-y-condiciones\\\/\",\"name\":\"T\u00e9rminos y condiciones - De Cero a Experto\",\"isPartOf\":{\"@id\":\"https:\\\/\\\/accionclimatica-alc.org\\\/omc\\\/#website\"},\"datePublished\":\"2026-04-01T11:47:54+00:00\",\"dateModified\":\"2026-04-01T12:00:54+00:00\",\"breadcrumb\":{\"@id\":\"https:\\\/\\\/accionclimatica-alc.org\\\/omc\\\/terminos-y-condiciones\\\/#breadcrumb\"},\"inLanguage\":\"es\",\"potentialAction\":[{\"@type\":\"ReadAction\",\"target\":[\"https:\\\/\\\/accionclimatica-alc.org\\\/omc\\\/terminos-y-condiciones\\\/\"]}]},{\"@type\":\"BreadcrumbList\",\"@id\":\"https:\\\/\\\/accionclimatica-alc.org\\\/omc\\\/terminos-y-condiciones\\\/#breadcrumb\",\"itemListElement\":[{\"@type\":\"ListItem\",\"position\":1,\"name\":\"Portada\",\"item\":\"https:\\\/\\\/accionclimatica-alc.org\\\/omc\\\/\"},{\"@type\":\"ListItem\",\"position\":2,\"name\":\"T\u00e9rminos y condiciones\"}]},{\"@type\":\"WebSite\",\"@id\":\"https:\\\/\\\/accionclimatica-alc.org\\\/omc\\\/#website\",\"url\":\"https:\\\/\\\/accionclimatica-alc.org\\\/omc\\\/\",\"name\":\"Observatorio de Mercados de Carbono\",\"description\":\"Observatorio regional para aumentar la transparencia y la integridad social y ambiental de los mercados de carbono por medio de la informaci\u00f3n confiable y el intercambio entre los actores relevantes a la tem\u00e1tica en la regi\u00f3n.\",\"publisher\":{\"@id\":\"https:\\\/\\\/accionclimatica-alc.org\\\/omc\\\/#organization\"},\"potentialAction\":[{\"@type\":\"SearchAction\",\"target\":{\"@type\":\"EntryPoint\",\"urlTemplate\":\"https:\\\/\\\/accionclimatica-alc.org\\\/omc\\\/?s={search_term_string}\"},\"query-input\":{\"@type\":\"PropertyValueSpecification\",\"valueRequired\":true,\"valueName\":\"search_term_string\"}}],\"inLanguage\":\"es\"},{\"@type\":\"Organization\",\"@id\":\"https:\\\/\\\/accionclimatica-alc.org\\\/omc\\\/#organization\",\"name\":\"Observatorio de Mercados de Carbono\",\"url\":\"https:\\\/\\\/accionclimatica-alc.org\\\/omc\\\/\",\"logo\":{\"@type\":\"ImageObject\",\"inLanguage\":\"es\",\"@id\":\"https:\\\/\\\/accionclimatica-alc.org\\\/omc\\\/#\\\/schema\\\/logo\\\/image\\\/\",\"url\":\"https:\\\/\\\/accionclimatica-alc.org\\\/omc\\\/wp-content\\\/uploads\\\/sites\\\/6\\\/2025\\\/02\\\/logo-omc.svg\",\"contentUrl\":\"https:\\\/\\\/accionclimatica-alc.org\\\/omc\\\/wp-content\\\/uploads\\\/sites\\\/6\\\/2025\\\/02\\\/logo-omc.svg\",\"width\":1627,\"height\":613,\"caption\":\"Observatorio de Mercados de Carbono\"},\"image\":{\"@id\":\"https:\\\/\\\/accionclimatica-alc.org\\\/omc\\\/#\\\/schema\\\/logo\\\/image\\\/\"}}]}<\/script>\n<!-- \/ Yoast SEO plugin. -->","yoast_head_json":{"title":"T\u00e9rminos y condiciones - De Cero a Experto","robots":{"index":"index","follow":"follow","max-snippet":"max-snippet:-1","max-image-preview":"max-image-preview:large","max-video-preview":"max-video-preview:-1"},"canonical":"https:\/\/accionclimatica-alc.org\/omc\/terminos-y-condiciones\/","og_locale":"es_ES","og_type":"article","og_title":"T\u00e9rminos y condiciones - De Cero a Experto","og_description":"Condiciones de Uso El acceso a la plataforma de Acci\u00f3n Clim\u00e1tica ALC es gratuito y est\u00e1 destinado a fortalecer las capacidades t\u00e9cnicas en la regi\u00f3n. Registro y Veracidad Al registrarse, el usuario se compromete a proporcionar datos reales (nombre, organizaci\u00f3n, pa\u00eds). El uso de identidades falsas podr\u00e1 resultar en la suspensi\u00f3n de la cuenta. Uso [&hellip;]","og_url":"https:\/\/accionclimatica-alc.org\/omc\/terminos-y-condiciones\/","og_site_name":"De Cero a Experto","article_modified_time":"2026-04-01T12:00:54+00:00","twitter_card":"summary_large_image","twitter_misc":{"Tiempo de lectura":"1 minuto"},"schema":{"@context":"https:\/\/schema.org","@graph":[{"@type":"WebPage","@id":"https:\/\/accionclimatica-alc.org\/omc\/terminos-y-condiciones\/","url":"https:\/\/accionclimatica-alc.org\/omc\/terminos-y-condiciones\/","name":"T\u00e9rminos y condiciones - De Cero a Experto","isPartOf":{"@id":"https:\/\/accionclimatica-alc.org\/omc\/#website"},"datePublished":"2026-04-01T11:47:54+00:00","dateModified":"2026-04-01T12:00:54+00:00","breadcrumb":{"@id":"https:\/\/accionclimatica-alc.org\/omc\/terminos-y-condiciones\/#breadcrumb"},"inLanguage":"es","potentialAction":[{"@type":"ReadAction","target":["https:\/\/accionclimatica-alc.org\/omc\/terminos-y-condiciones\/"]}]},{"@type":"BreadcrumbList","@id":"https:\/\/accionclimatica-alc.org\/omc\/terminos-y-condiciones\/#breadcrumb","itemListElement":[{"@type":"ListItem","position":1,"name":"Portada","item":"https:\/\/accionclimatica-alc.org\/omc\/"},{"@type":"ListItem","position":2,"name":"T\u00e9rminos y condiciones"}]},{"@type":"WebSite","@id":"https:\/\/accionclimatica-alc.org\/omc\/#website","url":"https:\/\/accionclimatica-alc.org\/omc\/","name":"Observatorio de Mercados de Carbono","description":"Observatorio regional para aumentar la transparencia y la integridad social y ambiental de los mercados de carbono por medio de la informaci\u00f3n confiable y el intercambio entre los actores relevantes a la tem\u00e1tica en la regi\u00f3n.","publisher":{"@id":"https:\/\/accionclimatica-alc.org\/omc\/#organization"},"potentialAction":[{"@type":"SearchAction","target":{"@type":"EntryPoint","urlTemplate":"https:\/\/accionclimatica-alc.org\/omc\/?s={search_term_string}"},"query-input":{"@type":"PropertyValueSpecification","valueRequired":true,"valueName":"search_term_string"}}],"inLanguage":"es"},{"@type":"Organization","@id":"https:\/\/accionclimatica-alc.org\/omc\/#organization","name":"Observatorio de Mercados de Carbono","url":"https:\/\/accionclimatica-alc.org\/omc\/","logo":{"@type":"ImageObject","inLanguage":"es","@id":"https:\/\/accionclimatica-alc.org\/omc\/#\/schema\/logo\/image\/","url":"https:\/\/accionclimatica-alc.org\/omc\/wp-content\/uploads\/sites\/6\/2025\/02\/logo-omc.svg","contentUrl":"https:\/\/accionclimatica-alc.org\/omc\/wp-content\/uploads\/sites\/6\/2025\/02\/logo-omc.svg","width":1627,"height":613,"caption":"Observatorio de Mercados de Carbono"},"image":{"@id":"https:\/\/accionclimatica-alc.org\/omc\/#\/schema\/logo\/image\/"}}]}},"_links":{"self":[{"href":"https:\/\/accionclimatica-alc.org\/omc\/wp-json\/wp\/v2\/pages\/2533","targetHints":{"allow":["GET"]}}],"collection":[{"href":"https:\/\/accionclimatica-alc.org\/omc\/wp-json\/wp\/v2\/pages"}],"about":[{"href":"https:\/\/accionclimatica-alc.org\/omc\/wp-json\/wp\/v2\/types\/page"}],"author":[{"embeddable":true,"href":"https:\/\/accionclimatica-alc.org\/omc\/wp-json\/wp\/v2\/users\/1"}],"replies":[{"embeddable":true,"href":"https:\/\/accionclimatica-alc.org\/omc\/wp-json\/wp\/v2\/comments?post=2533"}],"version-history":[{"count":2,"href":"https:\/\/accionclimatica-alc.org\/omc\/wp-json\/wp\/v2\/pages\/2533\/revisions"}],"predecessor-version":[{"id":2538,"href":"https:\/\/accionclimatica-alc.org\/omc\/wp-json\/wp\/v2\/pages\/2533\/revisions\/2538"}],"wp:attachment":[{"href":"https:\/\/accionclimatica-alc.org\/omc\/wp-json\/wp\/v2\/media?parent=2533"}],"curies":[{"name":"wp","href":"https:\/\/api.w.org\/{rel}","templated":true}]}}